*f - 7 = 0, -4*f = -5*c - 1 - 23. Let h(v) = v**2 + 2*v + 4. Let i be h(-4). Let o = i + c. What is the units digit of o?
8
Suppose 3*x = 3*o, 3*x + 24 = 4*x + 5*o. Suppose -5*b - x*v = -483, 4*b + 5*v - 382 = 4*v. What is the tens digit of b?
9
Suppose 13 = -2*m + 39. Suppose 0*r - r + 5 = -h, 0 = 2*r + 2*h - 10. Let u = m + r. What is the tens digit of u?
1
Suppose 0 = -9*c + 33*c - 6312. What is the units digit of c?
3
Suppose -16*h + 11229 = 3*h. What is the tens digit of h?
9
Let i = -22 - -20. What is the tens digit of (68 + i)/((-3)/(-2))?
4
Let p(u) = -u**2 + 6*u - 1. Let w be p(6). Let g(r) = r. Let f(i) = 11. Let x(b) = w*f(b) - 4*g(b). What is the tens digit of x(-9)?
2
Let f(d) = 5*d**2 + 2*d + 1. Let w be f(-1). Suppose -w*v = -3*v - 15. What is the tens digit of v?
1
Suppose 5*k + 5*i = 125, 98 = 4*k + 4*i - i. Suppose 27*x - 88 = k*x. What is the tens digit of x?
2
What is the tens digit of 3 + (-24)/9 + (-15176)/(-21)?
2
Let c(h) = -12*h + 16. What is the tens digit of c(-30)?
7
Suppose 2*s + 53 = -17. Let y = -23 - s. Let g = y + -2. What is the tens digit of g?
1
Suppose -344 = -3*g - 113. What is the units digit of g?
7
Suppose n = -5*x + 40 - 3, 22 = 4*x - 3*n. Suppose -3*t + x*t = 3816. What is the tens digit of 4/7 - t/(-21)?
4
Suppose 2 = -2*r - 5*g, -r + 5*g + 12 = -2. Suppose d = 9 + r. What is the units digit of d?
3
Let q = -85 - -82. Let t(m) = -m**3 + 4*m**2 + 5*m + 7. What is the units digit of t(q)?
5
Suppose 9*n + 7464 = 46983. What is the thousands digit of n?
4
Let x(h) = h**3 - 6*h**2 - 27*h + 28. What is the tens digit of x(18)?
3
Let t(n) be the third derivative of 5*n**5/12 - n**3/6 + 6*n**2. Let z be t(1). Suppose 4*f = z + 32. What is the units digit of f?
4
Let c be 4 + 0 + 78/(-3). Let y = 25 + c. Suppose y*w + 3 = l - 0*w, -4*l = -5*w - 12. What is the units digit of l?
3
Let s = 123 - 19. Suppose -2*z - 4*i + 9*i = -s, 2*i - 232 = -4*z. What is the tens digit of z?
5
Let t = 4 - 4. Suppose -3*i + i = t. Suppose 5*b - 3*c - 2*c - 120 = 0, i = -4*b - c + 86. What is the tens digit of b?
2
Suppose 9 + 11 = -2*a. What is the hundreds digit of (-4)/a - 2106/(-10)?
2
Suppose g = 2*g - 18. Let b = g + 23. What is the tens digit of b?
4
Let w be -1*(0/(-1) - 0). Suppose 4*t - 9*t + 55 = w. Suppose -t = -4*f - 4*q + q, 4*f - 6 = 2*q. What is the units digit of f?
2
Let i = -53 - -57. Suppose -6*f + 160 = -i*f. What is the units digit of f?
0
Let c be ((-1)/(-1))/((-4)/(-256)). Let b = 102 - c. What is the units digit of b?
8
Let q = 143 + -251. Let d be (q/24)/(6/16). What is the units digit of 4/12*3 - d?
3
Let w = -4022 - -6736. What is the tens digit of w?
1
Let o be (1 - -11) + 32/(-8). Let x(s) = -s**3 + 7*s**2 + 10*s + 11. What is the tens digit of x(o)?
2
Suppose -4*w - r + 1088 = -632, 1712 = 4*w - r. What is the hundreds digit of w?
4
Let u be ((-5)/(-20) - 21/4)/(-1). Suppose 3*f - 205 = -o, 4*o - u*f = -0*f + 871. What is the tens digit of o?
1
Let o(m) = m**2 + 6*m + 9. Let x be o(-6). Suppose -x*b + 2*b = -868. What is the hundreds digit of b?
1
What is the thousands digit of 53508/52 - 11*1?
1
Let f(k) = 8*k**2 + k. Let b(x) = 2*x**2 - 31*x - 14. Let d be b(16). What is the tens digit of f(d)?
3
Let d = -61 - -227. What is the hundreds digit of d?
1
Suppose -15*b + 3978 = 11*b. What is the hundreds digit of b?
1
Suppose f - 573 = 3*g, f - 6*g - 572 = -2*g. Suppose 0 = -16*u + 12*u + f. What is the tens digit of u?
4
Let i = 593 + -394. Suppose -55 - 130 = 5*r + 5*p, 0 = 5*r - 2*p + i. Let f = r - -66. What is the tens digit of f?
2
Let i be 2 - 0 - (-52 + 6). Let n be (3/6)/(6/i). Suppose -122 = -n*r - 18. What is the tens digit of r?
2
Let j(m) = -m**2 + 6*m - 3. Let g be j(4). Suppose 5*f - g = 175. Suppose 0 = 14*p - 10*p - f. What is the units digit of p?
9
Let h(a) be the second derivative of -3*a**5/10 + a**4/2 + 4*a**3/3 - 7*a**2/2 + 43*a. What is the tens digit of h(-3)?
8
Let p be (-3)/(-6)*(-3 + 3). Suppose p = -4*f + 5*i + 75, -7*f + 60 = -2*f + 5*i. What is the units digit of ((-5)/(f/12))/(-1)?
4
Suppose -4*i - 4*k = -5*i + 416, -k = -i + 410. Suppose -4*v + 62 = j - 58, -3*j + i = -4*v. What is the tens digit of j?
3
Suppose -4*u + u = 96. Let y = u + 20. What is the tens digit of y/(9/(-12) + 0)?
1
Let t be -3 + 6 + 2 - 1. Suppose 0 = -2*v + t*m - 2*m - 14, v = -3*m + 5. What is the units digit of (-1)/(v/(-96)*-1)?
4
Let o(t) be the third derivative of -t**6/6 - t**5/60 - t**4/24 - t**3/6 - 4*t**2. What is the units digit of o(-1)?
9
Let s(a) = -3*a - 3. Let y be s(-2). Suppose 0 = y*c - 4*n - 68, -c + 2 + 12 = 3*n. What is the units digit of (14 - 12)/(2/c)?
0
Let y(f) = -95*f**3 - 3*f**2 - 6*f - 4. What is the units digit of y(-1)?
4
Let v(h) = h**3 - 13*h**2 + 15*h - 16. Let n be v(12). Suppose -11*m = -n*m + 837. What is the units digit of m?
3
Suppose 15 = -3*u, 85 = 5*k - 4*u - u. What is the units digit of (-1*1 - k/(-20))*-235?
4
Let j = 231 - 397. Let o = 234 + j. Suppose 0*f - o = -4*f. What is the units digit of f?
7
Let i = -32 + 38. What is the units digit of (-55 + 0)*(-7 + i)?
5
Suppose 2*c = -3*c. Suppose c = -2*d + g + 14, 4*d - 7*d + 2*g = -20. What is the units digit of d?
8
Let o(j) = j**3 + 7*j**2 - 8*j - 19. What is the tens digit of o(-4)?
6
Let y(a) = -a**2 - 9*a - 10. Let x be y(-10). What is the tens digit of (x/3)/((-2)/12)?
4
Suppose i + 4*i + 4*m = 721, -3*i = 5*m - 443. What is the tens digit of i?
4
Suppose 0*c + 5*c - 260 = 0. Suppose g = 221 + c. What is the units digit of g?
3
Let l(k) = k**3 - k**2 + 5*k + 3. Let v be l(4). Let g = 127 - v. What is the tens digit of g?
5
Let h(c) = -c**2 + 8*c + 29. Let a be h(10). Suppose 575 = a*q - 496. What is the units digit of q?
9
Let g = 12 + -2. Suppose -3*c + g = 5*y - 16, -2*c - y + 8 = 0. What is the units digit of (-9)/(10/6 - c)?
7
Let z = -1463 - -2133. What is the hundreds digit of z?
6
What is the units digit of (-9)/(1134/(-211652)) - 2/(-9)?
0
Suppose 6*y = -2*y - 984. Let x = y + 202. What is the units digit of x?
9
Suppose 5*f - 8654 = -3*y, -y - 20*f + 23*f = -2880. What is the units digit of y?
3
Let m = 40 - 41. What is the units digit of (2 + -57 + -2)/(m - 0)?
7
Let n(g) = 6*g**2 + 70*g - 52. What is the units digit of n(-21)?
4
Suppose -q - 2*l = -85 - 272, l = 3*q - 1057. Suppose 2*h + 5*t = -h + 520, -3*t = -2*h + q. What is the units digit of h?
5
Let o = -29 + 33. Suppose 5*i + 1 = 4*i + 5*l, 20 = 4*i + o*l. Suppose 4*c = -2*b + 86, c + i*b - 21 = 3*b. What is the units digit of c?
2
Let m(v) = v**3 + v**2 + v. Let t(f) = 5*f**3 + 9*f**2 + 9*f + 6. Let h(l) = 6*m(l) - t(l). Let r = 460 + -455. What is the units digit of h(r)?
9
Let o = 2 - 1. Let k(s) be the first derivative of s**4/4 - s**3/3 + s**2/2 + 3. What is the units digit of k(o)?
1
Let u(o) = -7*o**2 + 3*o - 2. Let f be u(2). Let c = f - 1. Let q = c + 43. What is the tens digit of q?
1
Let s(f) = -f**3 - 4*f**2 + 6*f + 11. Suppose 0 = -2*q - 3*q - 25. Let j be s(q). Let y = j + -3. What is the units digit of y?
3
Let w = 1183 + -772. What is the tens digit of w?
1
Let d = -34 - -32. Let g be d - (3 + 96)*-1. Let h = g + -61. What is the tens digit of h?
3
Suppose 3*g - 6*g + 35 = 2*j, g = -3*j + 35. Let s(z) = 2*z + 10. Let x be s(-5). Suppose x - j = -l. What is the tens digit of l?
1
Let z(p) = -p**2 - 5*p + 1. Let d be z(-4). Let t be (-2)/(-6) - d/(-3). Suppose t*v - 5*v = -75. What is the tens digit of v?
2
Suppose 4*y = n + 109 - 9, -2*y + 5*n = -32. Suppose 5*u - 20 = -o + 10, -3*u + o + y = 0. What is the units digit of u?
7
Suppose 2*w + 9 = 17. Suppose 0 = w*r - 5*s - 129, -s = -r - 3*s + 16. What is the tens digit of r?
2
Suppose 6*a + 34800 = 21*a. What is the tens digit of a?
2
Let u = -94 - -964. Suppose -42 = 6*w - u. What is the hundreds digit of w?
1
Suppose -11*b + 13*b + 3*p - 3666 = 0, 3*b + 4*p - 5500 = 0. What is the thousands digit of b?
1
Suppose 2*k = -0*k - 10, 5*p - 2*k - 30 = 0. Suppose -2*f - 2*f = -p. What is the units digit of f - -6 - (-8)/2?
1
Let d(y) = 13*y - 23. Let w(r) = -r. Let b(k) = d(k) + 2*w(k). What is the units digit of b(8)?
5
Suppose 0*h + 2789 = 4*u - 3*h, 4*h = -2*u + 1422. What is the units digit of u?
1
Let k be (-6)/33 - 6460/44. Let i = k + 89. Let q = 108 + i. Wh